q = -4259 + 8638. List the prime factors of q.
29, 151
Let t(x) = -5213*x + 1946. List the prime factors of t(-3).
5, 3517
Let l = -47 - -64. Suppose l*b + 1218 = 23*b. What are the prime factors of b?
7, 29
Let m(r) = 7*r - 13. Let h be m(-8). Let o = 161 + h. Suppose -2*u - o = -2*x, 154 = 3*x + u - 0*u. What are the prime factors of x?
2, 5
Suppose -4*l = 3*i + 362, -4*i - 481 = -l + 6*l. Let z = -73 - i. List the prime factors of z.
41
Let m(x) be the first derivative of -x**2 - 55*x + 26. List the prime factors of m(-37).
19
Let q = 100 - 98. Let x be q - (-8 + (-24)/(-6)). List the prime factors of (x*36 - 3) + 0.
3, 71
Let v = 43 - 44. Let r be ((v - 1) + 10)*(-8)/(-16). Suppose -4*l + r*d + 248 = 28, -5*l = 2*d - 296. What are the prime factors of l?
2, 29
Suppose -104*g + 236239 + 1280601 = 0. List the prime factors of g.
5, 2917
Let g(l) = -l**3 + 11*l**2 + 20*l + 82. Let q be g(13). What are the prime factors of -3 + (q - -173) + -6?
2, 3, 7
Suppose v - 4*v + 33 = -2*m, 2*v = -m + 22. Suppose -3*j + 0*j - 227 = 4*x, 112 = -2*x - 2*j. Let h = v - x. What are the prime factors of h?
2, 5, 7
Suppose -2*b - 4*z = -3*z - 9, -3*z = 4*b - 21. What are the prime factors of 36/30*(269/2 + b)?
3, 5, 11
Let j(m) = 54*m + 230. Let u be j(-9). Let p = u + 1065. List the prime factors of p.
809
Let i(g) = -6 + 23 + 59*g + 40. List the prime factors of i(10).
647
Let f(l) be the first derivative of -6*l + 1/4*l**4 + 3*l**2 + 3 - 4*l**3. What are the prime factors of f(12)?
2, 3, 11
Suppose -2*c + 5*y + 56769 = 0, 4*c - 5*c + 5*y = -28372. List the prime factors of c.
73, 389
Let a(j) = -40*j - 49. Suppose -7 + 3 = d. What are the prime factors of a(d)?
3, 37
Let w(m) = 28*m + 2. Suppose 43*i = 37*i + 42. What are the prime factors of w(i)?
2, 3, 11
Suppose -136 = -3*z + 32. Let b = 60 - z. Suppose h + 41 = b*f - 586, -h = 3. What are the prime factors of f?
2, 3, 13
Let k = 66010 + -13302. What are the prime factors of k?
2, 13177
Suppose 4*d + 31795 = m, -4*d = m - 17652 - 14143. What are the prime factors of m?
5, 6359
Let h(p) = -510*p - 748. What are the prime factors of h(-6)?
2, 17
Suppose -170219 - 322981 = -10*a. List the prime factors of a.
2, 3, 5, 137
Let r = 34 - 125. Let d = -75 - r. List the prime factors of -165*(1 - d/10).
3, 11
Let o be -1*13 + -3 + 5. Let l(h) = 1 + 23*h**2 + h - 7*h + 2*h**3 + 3*h + 8*h. List the prime factors of l(o).
67
Suppose 0*l + 6698 = 3*l + 1550. List the prime factors of l.
2, 3, 11, 13
Suppose 9697 + 2031 = 16*m. List the prime factors of m.
733
Let i = 10 - 34. Let m = i - -27. Suppose -3*y = 5*j - 141, -1 - 5 = -m*y. What are the prime factors of j?
3
Let s = 429 - 439. List the prime factors of -2 + 2 - 10656/(-2 + s).
2, 3, 37
Let o(m) = -m**3 + 2*m**2 + 4*m + 13. Suppose -12 = 5*n - 8*n. Let g be o(n). Let q(a) = a + 11. What are the prime factors of q(g)?
2
Suppose 22144 = 5*h + 48*m - 45*m, 0 = -2*h - 5*m + 8831. List the prime factors of h.
11, 13, 31
Let h(j) = -j**2 - j + 161. Let s(r) = -r**2 - 20*r - 23. Let c be s(-19). Let g be (0/6)/c*(-1)/(-1). List the prime factors of h(g).
7, 23
Suppose -4*q + 0*r + 3*r + 35 = 0, 3*r = 3*q - 30. Suppose -3*k - q = -17. Suppose -k*y + 54 = -y. List the prime factors of y.
2, 3
Let y(d) = 23*d + 2028. What are the prime factors of y(79)?
5, 769
Suppose -5538 = -4*o - 398. Suppose o = 5*x + 395. What are the prime factors of (x/2)/(3/3)?
89
Let b(l) = 2028*l**2 + 25*l + 56. List the prime factors of b(-2).
2, 3, 11, 41
Let d be -3 + -14*99/(-6). List the prime factors of d/1 + 2/(4/6).
3, 7, 11
Suppose -3*l = 5*t - 208837 - 84836, 195775 = 2*l + t. List the prime factors of l.
2, 17, 2879
Let w(s) be the first derivative of -s**4/4 - s**3 + 4*s - 4. Let n be w(-2). Suppose 3*y + i - 148 = 0, 0 = -5*y - n*i + i + 244. List the prime factors of y.
7
Suppose 11*s - 12*s = 23. Let m = 4 + s. Let k = m + 97. What are the prime factors of k?
2, 3, 13
What are the prime factors of (-59474)/(-6) + ((-34)/3 - -9)?
2, 5, 991
Let h(t) = 101*t**2 - 16*t + 3. Let j be h(2). Let i = j - 209. List the prime factors of i.
2, 83
Let g(l) be the third derivative of -l**6/120 - l**5/12 - l**4/24 - l**3/6 + l**2. Let x be g(-5). What are the prime factors of 38 + 2*x/8?
3, 13
Let j(y) be the first derivative of 2*y**3/3 + 27*y**2/2 - 100*y + 86. List the prime factors of j(14).
2, 5, 67
Suppose -3*h = 5*m - 24369, 32492 = 10*h - 6*h + m. List the prime factors of h.
8123
Let i(z) = -3*z**3 + 3*z**2 - z + 3. Let w be i(3). Let r = w + 33. Let f(j) = j**3 + 21*j**2 - 2*j + 21. List the prime factors of f(r).
3, 7
Let k(i) = 3*i**2 + 45*i - 299. List the prime factors of k(-38).
23, 101
What are the prime factors of 29730 + ((-30)/9 - 44/(-132))?
3, 367
Let s(k) = -7 - 6 - 58*k - 10 + 381*k**2 - 4 + 69*k. What are the prime factors of s(2)?
7, 31
Let w(x) = 207*x - 2214. List the prime factors of w(34).
2, 3, 67
Suppose -19 = 5*b - 29. Suppose -9*i = -b*i - 7105. What are the prime factors of i?
5, 7, 29
Let t(m) = 7*m - 20. Let x(b) be the third derivative of -7*b**4/24 + 19*b**3/6 - 28*b**2. Let p(o) = -5*t(o) - 6*x(o). What are the prime factors of p(15)?
7, 13
Let h = -248 - -251. Suppose -2*l = -h*f - 947, 3*l - 305 = -3*f + 1138. List the prime factors of l.
2, 239
Let r be (-58)/(-18) - 4/18. Suppose -112 + 436 = 9*g. Suppose -r*t = -54 - g. List the prime factors of t.
2, 3, 5
Let h = -110 + 48. Let a = -26 - h. What are the prime factors of a?
2, 3
Suppose -5*v - 4*c + 30299 = 0, 14*v + 2*c + 18153 = 17*v. List the prime factors of v.
5, 7, 173
Let d(l) = 14*l**2 + 9*l - 14. Let v be d(-6). Suppose -6*b + v = -242. List the prime factors of b.
113
Let h = 36 + 0. Let t = h + -41. Let z(k) = -18*k + 7. List the prime factors of z(t).
97
Let o = -21417 - -36152. What are the prime factors of o?
5, 7, 421
Let q = -4433 - -6397. List the prime factors of q.
2, 491
Let q be ((-5)/4)/(3/(-12)). Let t = -380 + 380. Suppose -q*r + 555 = -t*r. What are the prime factors of r?
3, 37
Suppose 5*c + l - 13 = 0, 4*c + 3*l - 6 = -0. Suppose 0*d - 9 = -3*d, -c*d + 35 = 2*j. Suppose 10*q + 63 = j*q. List the prime factors of q.
3, 7
Let i be 13736/(-1010) - (-4)/(-10). Let h(m) be the third derivative of -m**5/60 - 19*m**4/24 + 5*m**3/6 + m**2. What are the prime factors of h(i)?
3, 5
Let o(u) = 0*u + 3*u**2 + 4*u**2 + 9*u + 3 - 5*u**2. Let s be o(-4). List the prime factors of (1*-25)/(s/(-3 - -8)).
5
Let g(d) = 2*d**3 - 96*d**2 - 145*d + 100. List the prime factors of g(51).
8311
Suppose 16*q + 67453 = 449725. List the prime factors of q.
2, 3, 11, 181
Let p = 28 - 30. Let k be (-2)/((30/(-250))/((-3)/p)). Let g = 41 + k. What are the prime factors of g?
2, 3, 11
Suppose -3*g + 91365 = 4*n, n + 17325 = g - 13123. List the prime factors of g.
37, 823
Suppose -21*b + 726 = -23*b. Let g = 677 + b. Suppose -3*l + 2*a = -g - 53, 124 = l + a. List the prime factors of l.
3, 41
Let l(z) = -z. Let c(f) = -51 + 4 + 4*f - 3*f. Let y(m) = -c(m) + 3*l(m). What are the prime factors of y(-22)?
3, 5
Let z(k) = 13*k**3 + 2*k**2 + 11*k - 68. List the prime factors of z(11).
2, 3, 7, 419
Let u = 2198 + -906. List the prime factors of u/7 + (-99)/(-231).
5, 37
Let i(j) = -155*j - 4034. Let o(f) = 79*f + 2017. Let z(m) = -3*i(m) - 5*o(m). List the prime factors of z(0).
2017
Let r = -79152 - -118800. What are the prime factors of r?
2, 3, 7, 59
Let a = 37660 - -46477. List the prime factors of a.
84137
Let b be -3 + (-18)/6 + 350. Let h = 421 - b. List the prime factors of h.
7, 11
Suppose 0 = 63*t - 12*t - 9690. Suppose 2*s + j - 270 = 0, -73 = -s + 3*j + 55. Suppose s = 3*x - t. What are the prime factors of x?
2, 3
Suppose -223*d + 118*d - 15950 = -115*d. List the prime factors of d.
5, 11, 29
Let k be (-50)/40 - (-5)/4. Suppose -w + 4*t + 51 = 0, -4*w + k*t = t - 119. What are the prime factors of w?
31
Let g(k) = -k**3 + 22*k**2 + 42*k + 47. Let t be g(19). Let s = t + -886. List the prime factors of s.
2, 521
Let k = -540 - -931. Let z = k - 171. What are the prime factors of z?
2, 5, 11
Let h = 1065 - -270. Suppose c - 5*q = -3*c + h, -c - 4*q + 339 = 0. What are the prime factors of c?
5, 67
Let o(u) = 2*u**3 - 20*u**2 + 21*u - 10. Let q be o(9). Let r = -18 + q. What are the prime facto